ctors of 5150066912?
2, 160939591
List the prime factors of 56171016.
2, 3, 11, 47, 503
List the prime factors of 6171512683.
7, 19, 163, 14983
List the prime factors of 4930133513.
23, 5179, 41389
What are the prime factors of 313612956?
2, 3, 61, 142811
List the prime factors of 54145309.
54145309
List the prime factors of 53827648.
2, 7, 53, 2267
What are the prime factors of 49784629?
49784629
What are the prime factors of 92644362?
2, 3, 1009, 5101
List the prime factors of 51629672.
2, 1291, 4999
What are the prime factors of 156907899?
3, 17434211
What are the prime factors of 1630573822?
2, 23, 317, 111821
What are the prime factors of 271492832?
2, 13, 652627
What are the prime factors of 562881933?
3, 1669, 12491
List the prime factors of 62967715.
5, 163, 77261
List the prime factors of 179480307.
3, 1321, 45289
What are the prime factors of 280803189?
3, 1733, 54011
What are the prime factors of 628598520?
2, 3, 5, 11, 181, 877
List the prime factors of 503929863.
3, 18664069
What are the prime factors of 1210245285?
3, 5, 2633, 30643
What are the prime factors of 6961112875?
5, 29, 751, 2557
What are the prime factors of 296394838?
2, 6899, 21481
List the prime factors of 1380156049.
61, 257, 88037
What are the prime factors of 88390315?
5, 13, 47, 28933
What are the prime factors of 5548681382?
2, 31, 71, 73, 557
List the prime factors of 1412267856.
2, 3, 941, 31267
List the prime factors of 18998164.
2, 31, 349, 439
List the prime factors of 43208043.
3, 73, 197297
List the prime factors of 495225238.
2, 43, 5758433
List the prime factors of 2899862954.
2, 19, 23, 79, 41999
List the prime factors of 21113636.
2, 19, 353, 787
List the prime factors of 870295025.
5, 17, 353, 5801
What are the prime factors of 478226884?
2, 19, 1373, 4583
What are the prime factors of 26913575?
5, 13, 82811
List the prime factors of 6387944272.
2, 83, 4810199
What are the prime factors of 36165130?
2, 5, 263, 13751
What are the prime factors of 551527263?
3, 7, 8754401
List the prime factors of 372305267.
372305267
What are the prime factors of 7358849702?
2, 29, 126876719
List the prime factors of 1280561038.
2, 2791, 229409
List the prime factors of 1199827204.
2, 4663, 64327
What are the prime factors of 29167947?
3, 661, 4903
What are the prime factors of 768582322?
2, 15607, 24623
What are the prime factors of 4906931905?
5, 7927, 123803
What are the prime factors of 795423867?
3, 7, 181, 209267
List the prime factors of 109470735.
3, 5, 11, 17, 13009
What are the prime factors of 256553860?
2, 5, 12827693
What are the prime factors of 680045132?
2, 13, 389, 33619
List the prime factors of 787751237.
7, 13, 1601, 5407
List the prime factors of 411673112.
2, 151, 340789
What are the prime factors of 5220314?
2, 11, 237287
What are the prime factors of 3664242372?
2, 3, 7, 2153, 20261
What are the prime factors of 159876411?
3, 53292137
What are the prime factors of 347291500?
2, 5, 19, 139, 263
List the prime factors of 2918971858.
2, 11, 29, 229, 19979
List the prime factors of 145225987.
19, 7643473
What are the prime factors of 45798191?
31, 1477361
What are the prime factors of 1093524895?
5, 29, 409, 18439
List the prime factors of 1411842051.
3, 23, 6820493
What are the prime factors of 4415583740?
2, 5, 17, 1801, 7211
What are the prime factors of 2374930619?
23, 103257853
What are the prime factors of 65825478?
2, 3, 379, 9649
List the prime factors of 1415781993.
3, 2591, 182141
What are the prime factors of 1015842004?
2, 17, 2143, 6971
List the prime factors of 960435978.
2, 3, 17, 19, 23, 29, 743
List the prime factors of 166567207.
17, 59, 71, 2339
What are the prime factors of 43205940?
2, 3, 5, 29, 31, 89
What are the prime factors of 45986227?
7, 37, 177553
What are the prime factors of 94335?
3, 5, 19, 331
What are the prime factors of 55820436?
2, 3, 7, 664529
What are the prime factors of 141861583?
17, 8344799
What are the prime factors of 1595803429?
11, 145073039
List the prime factors of 2152842180.
2, 3, 5, 3613, 9931
List the prime factors of 80516775.
3, 5, 19, 56503
List the prime factors of 309048114.
2, 3, 31, 1661549
List the prime factors of 689143770.
2, 3, 5, 7, 173, 6323
List the prime factors of 696273470.
2, 5, 29, 109, 22027
List the prime factors of 118683235.
5, 11, 37, 58321
What are the prime factors of 2359890791?
59, 5023, 7963
What are the prime factors of 136115062?
2, 2089, 32579
What are the prime factors of 2978189516?
2, 239, 3115261
List the prime factors of 264803220.
2, 3, 5, 11, 17, 7867
List the prime factors of 15080521.
151, 99871
List the prime factors of 18142922.
2, 7, 29, 44687
List the prime factors of 59103397.
109, 337, 1609
What are the prime factors of 5908981208?
2, 13, 149, 381323
What are the prime factors of 141670783?
19, 7456357
List the prime factors of 161068799.
161068799
What are the prime factors of 90892252?
2, 11, 2065733
List the prime factors of 1449455.
5, 7, 41413
What are the prime factors of 4226775847?
7, 47, 73, 175991
List the prime factors of 445990292.
2, 11, 41, 247223
What are the prime factors of 11391053?
193, 59021
List the prime factors of 353580983.
7, 50511569
List the prime factors of 426008118.
2, 3, 1381, 51413
What are the prime factors of 640087113?
3, 67, 3184513
What are the prime factors of 2468097751?
7, 29, 12158117
What are the prime factors of 146996884?
2, 36749221
What are the prime factors of 1291692036?
2, 3, 107641003
What are the prime factors of 58923579?
3, 11, 13, 19, 7229
List the prime factors of 213045783.
3, 47, 1510963
List the prime factors of 16143378.
2, 3, 23, 116981
List the prime factors of 3768028851.
3, 4957, 253381
List the prime factors of 2828123922.
2, 3, 13, 199, 182201
What are the prime factors of 934543299?
3, 29, 37, 41, 73, 97
What are the prime factors of 458240908?
2, 151, 229, 3313
What are the prime factors of 602495502?
2, 3, 7, 101, 142031
What are the prime factors of 5754544548?
2, 3, 359, 1335781
What are the prime factors of 34972868?
2, 7, 109, 1637
List the prime factors of 33602184.
2, 3, 7, 11, 19, 29
List the prime factors of 76615113.
3, 25538371
What are the prime factors of 388942446?
2, 3, 37, 1751993
What are the prime factors of 15882593?
3343, 4751
What are the prime factors of 1593768930?
2, 3, 5, 13, 233, 17539
What are the prime factors of 359267442?
2, 3, 461, 129887
List the prime factors of 255711260.
2, 5, 7, 41, 44549
What are the prime factors of 261422042?
2, 7, 18673003
List the prime factors of 4526494688.
2, 1913, 73943
What are the prime factors of 6106123149?
3, 7, 4813, 60413
List the prime factors of 2292200097.
3, 11, 43, 1615363
List the prime factors of 255339710.
2, 5, 25533971
List the prime factors of 329758153.
23, 14337311
List the prime factors of 1493320006.
2, 211, 3538673
List the prime factors of 389241518.
2, 31, 202519
What are the prime factors of 854126847?
3, 7, 13557569
List the prime factors of 893457719.
7, 11, 33829
What are the prime factors of 4027957?
4027957
What are the prime factors of 4698042261?
3, 11, 23, 2237, 2767
List the prime factors of 496955790.
2, 3, 5, 1840577
List the prime factors of 276171648.
2, 3, 719197
List the prime factors of 48073460.
2, 5, 2403673
What are the prime factors of 42495494?
2, 2087, 10181
What are the prime factors of 13826713?
31, 193, 2311
List the prime factors of 48917874.
2, 3, 17, 28211
List the prime factors of 54367603.
3323, 16361
What are the prime factors of 1560154482?
2, 3, 173, 501013
List the prime factors of 10271853.
3, 41, 1031
What are the prime factors of 101473579?
757, 134047
List the prime factors of 122187076.
2, 11, 2776979
What are the prime factors of 193828927?
193828927
List the prime factors of 4606310131.
101, 45607031
List the prime factors of 84996829.
84996829
List the prime factors of 15068625.
3, 5, 11, 13, 281
What are the prime factors of 1170552726?
2, 3, 7, 9290101
What are the prime factors of 917822519?
163, 5630813
List the prime factors of 1508094651.
3, 7, 71814031
What are the prime factors of 749454095?
5, 13, 17, 43, 15773
What are the prime factors of 86045530?
2, 5, 23, 374111
List the prime factors of 84827542.
2, 23, 1844077
What are the prime fact